 -4*c + 4 = -x*q, -3*q - 8 = 2*c + 6. Determine a(c).
11
Let h(s) be the first derivative of -s**5/60 + s**4/4 + 25*s**3/3 + 39. Let f(c) be the third derivative of h(c). What is f(-5)?
16
Let h = 5 + 3. Suppose h = -4*o - 4. Let i(m) = -5*m + 1. Let k(r) = 4*r - 1. Let y(t) = -3*i(t) - 4*k(t). Give y(o).
4
Suppose 5*r + 4*z + 36 = 48, 2*r = -4*z. Let y(t) = t**3 - 5*t**2 + 6*t. Give y(r).
8
Let y(x) be the first derivative of 7*x**2 - 659. Calculate y(-3).
-42
Let b(f) = f + 8. Let p be b(-8). Suppose 5*d = p, -2*d - 3*d + 16 = 4*w. Let v(y) = 5 + 3 - w + 2*y. What is v(-3)?
-2
Let h = -863 + 865. Let c(t) be the second derivative of 1/3*t**3 - 1/12*t**4 - 15*t + 3/2*t**h + 0. What is c(-2)?
-5
Let u(l) be the second derivative of -l**3/3 - l**2/2 - 2*l - 25. Calculate u(4).
-9
Let g(j) be the second derivative of -j**3/6 + 3*j**2 - 2*j. Let i = -27 - -38. Let k(h) = h**3 - 10*h**2 - 11*h - 5. Let s be k(i). Give g(s).
11
Let u(v) = -v**3 + v**2 - v. Let o(t) = 3*t**3 + t**2 + 4*t + 7. Let x(j) = -o(j) - 4*u(j). Suppose 10 + 13 = 4*h + f, 0 = f - 3. What is x(h)?
-7
Let d(s) be the second derivative of 0*s**2 - 5*s - 1/40*s**5 + 5/6*s**3 + 1/180*s**6 + 1/8*s**4 + 0. Let r(x) be the second derivative of d(x). Give r(2).
5
Let b(f) = -2*f + f**2 - 5*f + 64 - 66 + 14*f. Give b(-7).
-2
Let j = -10 + 16. Let l(f) = 4*f**3 - f**3 - 6*f**2 + 4*f - 4*f**3 + f - j. Give l(-7).
8
Let o(a) = -a**2 - a + 2. Let k(h) = -h**2 + 24*h - 15. Let j be k(26). Let r = j + 65. Give o(r).
0
Let i(x) be the second derivative of -x**4/12 + x**2 - 3*x. Let l be (-3 + 5)*13/(-2). Let n be (l - -9)*1/(-2). Determine i(n).
-2
Let a(z) = -z**2 - 3*z + 5. Let f = 1112 - 1116. Determine a(f).
1
Let h(f) be the third derivative of f**5/60 - f**4/3 - 13*f**3/6 - 73*f**2. Calculate h(10).
7
Let k = -675 + 675. Let t(u) be the third derivative of -1/8*u**4 + k + 0*u + 8*u**2 + 2/3*u**3. Give t(4).
-8
Let y(s) = s**3 - 5*s**2 + 2*s - 3. Let m(l) be the second derivative of -l**5/20 - l**4/4 + 2*l**3/3 + 2*l**2 - 7*l. Let i be m(-4). Give y(i).
-11
Let h(n) = 65 + 8*n - 22 - 26 - 14 + n**2 - 18. What is h(-11)?
18
Let n(l) = -l + 1. Let p(g) = -6*g + 3. Let y(m) = -m + 4. Let z = -10 + 17. Let c be y(z). Let w(v) = c*n(v) + p(v). Give w(2).
-6
Suppose -8*v = 22*v - 60. Let r(w) = w - 1. What is r(v)?
1
Let u(d) = -5*d**3 + d**2 + d - 1. Let f be (6 - 2)*((5 - 2) + -4). Let g be (-105)/(-135) + f/(-18). Give u(g).
-4
Let k = -258 - -258. Let a(m) = -m + 32. Give a(k).
32
Let u be (16/6 - 3)/((-3)/72). Suppose 0 = 3*y - m + 12, -u*m + 7*m = 4*y + 16. Let w(s) = -s**3 - 3*s**2 + 4*s + 1. Give w(y).
1
Let y(h) = h. Suppose 2*r + 3*r + 13 = 3*a, 0 = -r - 2. Let w be (a - 3)/(3/9) + 0. Give y(w).
-6
Let q(t) be the first derivative of t**3/3 - 5*t**2 + 7*t + 32. Calculate q(10).
7
Let p(t) = 2*t + 2. Let n(c) = -8*c + 3. Let g be ((-1)/(-2))/((-6)/(-12)). Let b be n(g). Determine p(b).
-8
Let a = 20 + -17. Suppose 8 = -2*x, -m - 32 = a*m + 3*x. Let b(l) = 2*l + 7. Give b(m).
-3
Let p(w) = -7*w**3 - w**2 - w - 1. Let j be -6 - (1 + -4 + 3). Let i(o) = -o**2 - 8*o - 13. Let a be i(j). Calculate p(a).
6
Let t(f) = f**3 + 5. Suppose x + 6 = 5*i - x, i + 2*x = -6. Suppose p - 7*p = i. Calculate t(p).
5
Let h(r) = -r**3 - 8*r**2 - 2*r - 11. Let q be h(-8). Let v(x) = q*x + 0*x**2 + 5 + 4*x**2 - 11*x - 3*x**2. Calculate v(5).
0
Let g(t) = 8*t**2 - 32*t - 25. Let f(y) = 3*y**2 - 11*y - 9. Let b(i) = 11*f(i) - 4*g(i). What is b(-9)?
19
Let m(x) be the third derivative of -x**6/120 + 7*x**5/60 - x**4/6 + x**3/2 - 145*x**2. Determine m(6).
15
Let r(m) = -m + 8. Let o be r(6). Let i(q) be the first derivative of -q**3/3 - q - 6824. Determine i(o).
-5
Let b(z) = z**2 + z. Let y(i) = i - 9. Let u be y(11). Let f be u/(-2 + 12/8). Give b(f).
12
Let c(h) be the first derivative of h**4/4 + 17*h**3/3 + 9*h**2 + 30*h + 327. Give c(-16).
-2
Let g(v) = 0*v**2 - 2*v**2 - 4935*v + 4936*v. Suppose -s = -u - 1, -3*s + 8*s - 8 = 4*u. Let f = s + -3. Give g(f).
-1
Let l(n) = -3*n + 5. Let u(w) = -1. Let g(j) = -l(j) - 4*u(j). Let k be -2 - -16 - ((-6)/3 - 0). Suppose -2*b - o = -5*o - k, -5*o - 23 = -b. Calculate g(b).
-7
Suppose 0 = -2*a - 4*o - 10, -7*a + 5*a = 3*o + 6. Let v(d) be the third derivative of -d**4/12 + 4*d**2. Calculate v(a).
-6
Let w(x) = -2*x**3 - 3*x**2 - x - 2. Let z be 6*4/180 + 2/(-15). Let d(i) = 11*i**3 + 1. Let m be d(1). Let t be (-3)/(m/8) - z. Determine w(t).
4
Let u = 4 - 7. Let b(i) be the first derivative of -1/4*i**4 + i - 4/3*i**3 + 4 - 1/2*i**2. What is b(u)?
-5
Let f(d) be the first derivative of d**5/20 - d**4/2 + 2*d**3/3 + 2*d**2 + 11*d - 6. Let s(g) be the first derivative of f(g). What is s(5)?
-1
Let n(p) = -p. Let k(m) = m**2 - 4*m - 2. Let y be k(5). Let v be (13 - 10)/(y/5). Determine n(v).
-5
Let t(z) = -z**3 + 0*z**2 - 6*z**2 + 7*z + 5 + z. Suppose -4*x - 161 = -133. Determine t(x).
-2
Let i(x) be the third derivative of -x**6/120 + x**5/20 + x**4/24 + 153*x**2. Suppose -2*s - 15 = -7*s. Suppose 7 = 5*p - s. Calculate i(p).
6
Let i(n) be the second derivative of 5/6*n**3 + 3*n**2 + 0 - 1/12*n**4 + 2*n. Give i(6).
0
Let c(h) be the first derivative of -h**5/20 + h**4/12 - h**3/6 + 15*h**2/2 + 16. Let x(k) be the second derivative of c(k). Give x(3).
-22
Let w(b) = -b**2 + 8*b - 4. Let z be w(7). Let y(u) = 2*u + 0 - u**2 - 5 - 4*u - z*u. Give y(-6).
-11
Let l(d) = -d**2 - 7*d - 3. Let i(u) = 31*u + 306. Let w be i(-10). Determine l(w).
9
Let v be 4/50 - (1414/175 + -8). Let l(j) = j**2 - j - 17. Calculate l(v).
-17
Suppose -5*x = -25 - 0. Suppose 2 = -x*g + 12. Let p(l) = l**2 - 21 - 7*l + 24 + l**3 + 2*l + g*l**2. Determine p(-4).
7
Let z(s) = -2*s**2 + 1 + 4*s**2 + s - s**2. Let o be z(-2). Let h(r) = 1. Let x(y) = -y - 2. Let k(p) = -5*h(p) - 2*x(p). What is k(o)?
5
Let t = -9 - -11. Suppose -w = -5*n - 28, w + 0*w - 13 = t*n. Let c(x) = 2*x**3 - x**2 + 0*x**2 - x**3 - 3*x + 2 - x**2. Determine c(w).
2
Let g(d) be the third derivative of -d**4/12 + d**3/6 + 75*d**2. Determine g(6).
-11
Let o be -14 + 4 + 8 - (2 - 1). Let q(z) = -3*z - 9. Give q(o).
0
Let t = -4 + 9. Suppose 2*j - t = 7*j. Let g(m) = -23*m**3 + 2*m**2 + 4*m - 9. Let y(a) = -12*a**3 + a**2 + 2*a - 5. Let o(x) = 6*g(x) - 11*y(x). Give o(j).
6
Let v(g) = -g**3 + g**2 - 2*g - 2. Let w(q) = 6*q - 2. Suppose 0 = 2*c - 3*p + 15, 3*c - 5*c - 3*p = -15. Let y be w(c). Determine v(y).
14
Let i(s) = -10*s + 3. Let o(q) = 0*q - 3*q + 1 - q + 3*q. Let g(n) = -i(n) + 6*o(n). What is g(4)?
19
Let p(n) = -n**2 + 6*n + 5. Let g be 0 + (0 - (-6)/(-3)). Let j = g - -7. Suppose -4*h = -12, -j*h + 3*h = 5*d - 36. Give p(d).
5
Let l(x) = x**3 - x**2 - x + 1. Suppose -42 = -28*g + 14. Determine l(g).
3
Let k = -140 + 200. Let g = -58 + k. Let a(y) = -5*y + 2. What is a(g)?
-8
Let q(r) be the second derivative of r**4/12 - 2*r**3/3 - r**2/2 + 1092*r. Let m(j) = j**3 + 5*j**2 + 5. Let n be m(-5). Determine q(n).
4
Suppose 2*n = h + 6, -4*h + 0*n + 2*n = 0. Let a(z) = -261*z + 262*z + h + 2*z**2 + 2*z**3 - 3*z**3. What is a(2)?
4
Let b = 24 + -15. Let t(x) = 5*x**2 - b*x**2 - 2*x - 2 + 0*x**3 - x**3. Suppose 0*q = s - 2*q - 6, -4*s = -2*q + 6. What is t(s)?
6
Let k(v) be the first derivative of v**4/2 - 4*v**3/3 + 2*v**2 - 6*v + 550. Give k(4).
74
Let g be -2*((-154)/4 + -4). Suppose -g = -4*n - n. Suppose 6*q - q - n = -i, i = q - 1. Let f(a) = -a**3 + 4*a**2 - 4*a + 2. Calculate f(i).
2
Let k(r) = -130*r**2 + 276*r**2 - 131*r**2 + 2 - 3. Give k(-1).
14
Let f(w) = -3*w + 4. Let b(i) = i**2 - i - 1. Let y(k) = b(k) + f(k). Let l = 4 + -2. Suppose 7*j = l*j + 20. Determine y(j).
3
Let x be (65/(-39))/(2/(-6)). Let f(s) = -8*s**2 + 13*s + 7. Let d(i) = -7*i**2 + 12*i + 6. Let y(l) = -7*d(l) + 6*f(l). Give y(x).
-5
Suppose 0 = s - 4*z - 2 - 13, 0 = 2*s - 2*z - 12. Let n(f) = -2*f**2 - 3*f + 1. Let i(t) = -t**2 - t + 0*t + 0 + 1. Let b(w) = s*i(w) - n(w). What is b(-3)?
-7
Suppose -4*d = 0, 3*v + 0*v - d = -33. Let o(w) = -5*w**2 - 14*w + 8. Let m(r) = r**2 + r - 1. Let u(l) = 4*m(l) + o(l). Calculate u(v).
-7
Let c(d) = 11 - 49*d + 48*d + 14. Give c(0).
25
Let q(m) = m**3 - 13*m**2 + 10*m - 3. Suppose -7*u - 24 = -108. Calculate q(u).
-27
Let k(y) = 2*y**3 + y**2 - 2*y + 1. Let t(l) = -7*l**3 + 10*l**2 + 20*l - 15. Let f